{"id":122,"date":"2020-11-04T16:40:23","date_gmt":"2020-11-04T15:40:23","guid":{"rendered":"http:\/\/cap-ferret-location-maison.com\/?page_id=122"},"modified":"2023-06-30T12:29:00","modified_gmt":"2023-06-30T10:29:00","slug":"activites-sportives","status":"publish","type":"page","link":"https:\/\/cap-ferret-location-maison.com\/index.php\/activites-sportives\/","title":{"rendered":"Activit\u00e9s sportives"},"content":{"rendered":"\n<figure class=\"wp-block-image alignfull size-large\"><img loading=\"lazy\" width=\"1024\" height=\"448\" src=\"http:\/\/cap-ferret-location-maison.com\/wp-content\/uploads\/2020\/11\/ILoveAnglet___RiBLANC-23_1280x560-1-1024x448.jpg\" alt=\"\" class=\"wp-image-123\" srcset=\"https:\/\/cap-ferret-location-maison.com\/wp-content\/uploads\/2020\/11\/ILoveAnglet___RiBLANC-23_1280x560-1-1024x448.jpg 1024w, https:\/\/cap-ferret-location-maison.com\/wp-content\/uploads\/2020\/11\/ILoveAnglet___RiBLANC-23_1280x560-1-300x131.jpg 300w, https:\/\/cap-ferret-location-maison.com\/wp-content\/uploads\/2020\/11\/ILoveAnglet___RiBLANC-23_1280x560-1-768x336.jpg 768w, https:\/\/cap-ferret-location-maison.com\/wp-content\/uploads\/2020\/11\/ILoveAnglet___RiBLANC-23_1280x560-1.jpg 1280w\" sizes=\"(max-width: 1024px) 100vw, 1024px\" \/><\/figure>\n\n\n\n<p class=\"has-text-align-center\">&nbsp;&nbsp; \u00c0 500 m\u00e8tres de la maison, le club de <strong>Tennis de l\u2019Oc\u00e9an<\/strong> pr\u00e8s du Sail Fish : possibilit\u00e9 d\u2019y prendre des le\u00e7ons ou de r\u00e9server un cours \u00e0 l\u2019heure. &nbsp;<\/p>\n\n\n\n<p class=\"has-text-align-center\">A 1 km le <strong>Tennis des Dunes<\/strong> et le <strong>Sporting Tennis Club de la Vigne <\/strong>\u00e0 10 min en voiture.<\/p>\n\n\n\n<p class=\"has-text-align-center\">Tennis de l\u2019Oc\u00e9an : 05 56 03 79 61<\/p>\n\n\n\n<p class=\"has-text-align-center\">Tennis des Dunes : 05 56 60 46 13<\/p>\n\n\n\n<p class=\"has-text-align-center\">Sporting Tennis Club de la Vigne : 05 56 60 55 18<\/p>\n\n\n\n<p class=\"has-text-align-center\">&nbsp;&nbsp; Pour les enfants et les plus grands, un parc <strong>d&#8217;accrobranche<\/strong> est situ\u00e9 au Four tout pr\u00e8s de Claouey (\u00e0 15 kms de la maison).&nbsp;<\/p>\n\n\n\n<p class=\"has-text-align-center\">Accrobranche : 05 57 70 34 06 &#8211;&nbsp; https:\/\/www.parcdeloisirsdufour.fr<\/p>\n\n\n\n<p class=\"has-text-align-center\">&nbsp;&nbsp; Pour le <strong>surf <\/strong>qui se pratique sur la plage oc\u00e9ane de l\u2019Horizon \u00e0 2 kms de la maison, le club <strong>Surf Center<\/strong> et <strong>Alex Ecole de Surf <\/strong>proposent des stages et des sessions de surf pour les d\u00e9butants ou les surfeurs exp\u00e9riment\u00e9s.&nbsp;<\/p>\n\n\n\n<p class=\"has-text-align-center\">Surf Center : 06 09 10 81 99&nbsp;<\/p>\n\n\n\n<p class=\"has-text-align-center\">Alex Ecole de surf : 06 47 35 34 84<\/p>\n\n\n\n<p class=\"has-text-align-center\">&nbsp;&nbsp;<strong> Le Centre \u00e9questre<\/strong> de L\u00e8ge-Cap-Ferret propose de nombreuses activit\u00e9s comme des balades en for\u00eat ou \u00e0 l\u2019oc\u00e9an, ainsi que des balades en main pour les plus jeunes.&nbsp; Sont \u00e9galement propos\u00e9s des stages, des cours collectifs et des comp\u00e9titions.&nbsp;<\/p>\n\n\n\n<p class=\"has-text-align-center\">Centre \u00e9questre : 06 18 43 01 98&nbsp;&#8211;&nbsp; Email :&nbsp; <a href=\"mailto:capferretjumping@orange.fr\">capferretjumping@orange.fr<\/a>&nbsp; &nbsp;<\/p>\n\n\n\n<p class=\"has-text-align-center\">&nbsp;<strong>&nbsp; Le Cercle nautique du Cap Ferret <\/strong>offre \u00e9galement la possibilit\u00e9 d\u2019apprendre ou de vous perfectionner \u00e0 la <strong>voile<\/strong>. Des stages, des cours particuliers ou des sorties traditionnelles y sont organis\u00e9es. Les locations de paddles et de kayaks sont \u00e9galement disponibles.&nbsp;<\/p>\n\n\n\n<p class=\"has-text-align-center\">Cercle Nautique : 05 56 60 44 06&nbsp; \/&nbsp; 06 14 69 11 41 &#8211; Email : <a href=\"mailto:cnferret@wanadoo.fr\">cnferret@wanadoo.fr<\/a><\/p>\n","protected":false},"excerpt":{"rendered":"<p>&nbsp;&nbsp; \u00c0 500 m\u00e8tres de la maison, le club de Tennis de l\u2019Oc\u00e9an pr\u00e8s du [&hellip;]<\/p>\n","protected":false},"author":1,"featured_media":0,"parent":0,"menu_order":0,"comment_status":"closed","ping_status":"closed","template":"","meta":[],"_links":{"self":[{"href":"https:\/\/cap-ferret-location-maison.com\/index.php\/wp-json\/wp\/v2\/pages\/122"}],"collection":[{"href":"https:\/\/cap-ferret-location-maison.com\/index.php\/wp-json\/wp\/v2\/pages"}],"about":[{"href":"https:\/\/cap-ferret-location-maison.com\/index.php\/wp-json\/wp\/v2\/types\/page"}],"author":[{"embeddable":true,"href":"https:\/\/cap-ferret-location-maison.com\/index.php\/wp-json\/wp\/v2\/users\/1"}],"replies":[{"embeddable":true,"href":"https:\/\/cap-ferret-location-maison.com\/index.php\/wp-json\/wp\/v2\/comments?post=122"}],"version-history":[{"count":8,"href":"https:\/\/cap-ferret-location-maison.com\/index.php\/wp-json\/wp\/v2\/pages\/122\/revisions"}],"predecessor-version":[{"id":8152,"href":"https:\/\/cap-ferret-location-maison.com\/index.php\/wp-json\/wp\/v2\/pages\/122\/revisions\/8152"}],"wp:attachment":[{"href":"https:\/\/cap-ferret-location-maison.com\/index.php\/wp-json\/wp\/v2\/media?parent=122"}],"curies":[{"name":"wp","href":"https:\/\/api.w.org\/{rel}","templated":true}]}}