{"id":57,"date":"2020-11-04T15:14:07","date_gmt":"2020-11-04T14:14:07","guid":{"rendered":"http:\/\/cap-ferret-location-maison.com\/?page_id=57"},"modified":"2023-07-03T17:41:48","modified_gmt":"2023-07-03T15:41:48","slug":"bien-etre","status":"publish","type":"page","link":"https:\/\/cap-ferret-location-maison.com\/index.php\/bien-etre\/","title":{"rendered":"Bien-\u00eatre"},"content":{"rendered":"\n<figure class=\"wp-block-image alignfull size-large\"><img loading=\"lazy\" width=\"1024\" height=\"447\" src=\"http:\/\/cap-ferret-location-maison.com\/wp-content\/uploads\/2020\/11\/Capture-decran-2020-11-04-a-16.28.05-1024x447.png\" alt=\"\" class=\"wp-image-112\" srcset=\"https:\/\/cap-ferret-location-maison.com\/wp-content\/uploads\/2020\/11\/Capture-decran-2020-11-04-a-16.28.05-1024x447.png 1024w, https:\/\/cap-ferret-location-maison.com\/wp-content\/uploads\/2020\/11\/Capture-decran-2020-11-04-a-16.28.05-300x131.png 300w, https:\/\/cap-ferret-location-maison.com\/wp-content\/uploads\/2020\/11\/Capture-decran-2020-11-04-a-16.28.05-768x335.png 768w, https:\/\/cap-ferret-location-maison.com\/wp-content\/uploads\/2020\/11\/Capture-decran-2020-11-04-a-16.28.05-1536x670.png 1536w, https:\/\/cap-ferret-location-maison.com\/wp-content\/uploads\/2020\/11\/Capture-decran-2020-11-04-a-16.28.05-2048x893.png 2048w\" sizes=\"(max-width: 1024px) 100vw, 1024px\" \/><\/figure>\n\n\n\n<p><\/p>\n\n\n\n<p><\/p>\n\n\n\n<p class=\"has-text-align-center\"><strong>Coach Fitness &nbsp;<\/strong><\/p>\n\n\n\n<p class=\"has-text-align-center\">Marie Richez : 06 58 53 68 65<\/p>\n\n\n\n<p class=\"has-text-align-center\">L\u00e9onie Gu\u00e9rin :&nbsp; 06 18 12 62 81 &nbsp; &nbsp; &nbsp; &nbsp; Nathalie Gilbert : 06 11 46 70 47&nbsp; &nbsp; &nbsp; &nbsp;&nbsp;<\/p>\n\n\n\n<p class=\"has-text-align-center\">Loris Prepa : 06 85 49 29 42 (Cours de natation, Aqua-gym, cardio)&nbsp;<\/p>\n\n\n\n<p class=\"has-text-align-center\"><strong>Yoga&nbsp;<\/strong><\/p>\n\n\n\n<p class=\"has-text-align-center\">&nbsp;&nbsp; Nous pouvons \u00e9galement vous pr\u00e9senter notre professeure de yoga qui dispense des cours dans la matin\u00e9e \u00e0 domicile.<\/p>\n\n\n\n<p class=\"has-text-align-center\">Margot Fave :\u00a0 06 60 44 50 72\u00a0: <\/p>\n\n\n\n<p class=\"has-text-align-center\"><span style=\"text-decoration: underline;\">yellowtemple.fr<\/span><\/p>\n\n\n\n<p class=\"has-text-align-center\">Yogart L\u2019Atelier : 06 70 88 25 22&nbsp;<\/p>\n\n\n\n<p class=\"has-text-align-center\"><strong>Spa&nbsp;<\/strong><\/p>\n\n\n\n<p class=\"has-text-align-center\">L\u2019H\u00f4tel C\u00f4t\u00e9 Sable au coeur du village du Cap Ferret avec une vue imprenable sur le bassin ouvre son Spa By Clarins aux non r\u00e9sidents de l\u2019h\u00f4tel.<\/p>\n\n\n\n<p class=\"has-text-align-center\">H\u00f4tel C\u00f4t\u00e9 Sable, 37 Boulevard de la Plage, Cap Ferret&nbsp;<\/p>\n\n\n\n<p class=\"has-text-align-center\"><br><a href=\"mailto:contact@cotesable.fr\">contact@cotesable.fr<\/a><\/p>\n\n\n\n<p class=\"has-text-align-center\"><br>05 57 17 07 27<\/p>\n\n\n\n<p class=\"has-text-align-center\"><a href=\"https:\/\/www.hotel-cotesable.com\/\">https:\/\/www.hotel-cotesable.com\/<\/a><\/p>\n\n\n\n<p class=\"has-text-align-center\"><strong>Massage<\/strong>&nbsp;<\/p>\n\n\n\n<p class=\"has-text-align-center\">Emilie d\u2019Amourescence vous propose des massages de bien-\u00eatre \u00e0 domicile entre 1h et 1h30 sur rendez-vous.&nbsp;<\/p>\n\n\n\n<p class=\"has-text-align-center\">Tel : 06 84 75 35 75<\/p>\n\n\n\n<p class=\"has-text-align-center\">Louise Expert : 06 25 61 70 53 \/ expertlouise@hotmail.fr<\/p>\n\n\n\n<p class=\"has-text-align-center\"><span style=\"text-decoration: underline;\">muse-bien-etre.com<\/span><\/p>\n","protected":false},"excerpt":{"rendered":"<p>Coach Fitness &nbsp; Marie Richez : 06 58 53 68 65 L\u00e9onie Gu\u00e9rin :&nbsp; 06 [&hellip;]<\/p>\n","protected":false},"author":1,"featured_media":0,"parent":0,"menu_order":0,"comment_status":"closed","ping_status":"closed","template":"","meta":[],"_links":{"self":[{"href":"https:\/\/cap-ferret-location-maison.com\/index.php\/wp-json\/wp\/v2\/pages\/57"}],"collection":[{"href":"https:\/\/cap-ferret-location-maison.com\/index.php\/wp-json\/wp\/v2\/pages"}],"about":[{"href":"https:\/\/cap-ferret-location-maison.com\/index.php\/wp-json\/wp\/v2\/types\/page"}],"author":[{"embeddable":true,"href":"https:\/\/cap-ferret-location-maison.com\/index.php\/wp-json\/wp\/v2\/users\/1"}],"replies":[{"embeddable":true,"href":"https:\/\/cap-ferret-location-maison.com\/index.php\/wp-json\/wp\/v2\/comments?post=57"}],"version-history":[{"count":18,"href":"https:\/\/cap-ferret-location-maison.com\/index.php\/wp-json\/wp\/v2\/pages\/57\/revisions"}],"predecessor-version":[{"id":8203,"href":"https:\/\/cap-ferret-location-maison.com\/index.php\/wp-json\/wp\/v2\/pages\/57\/revisions\/8203"}],"wp:attachment":[{"href":"https:\/\/cap-ferret-location-maison.com\/index.php\/wp-json\/wp\/v2\/media?parent=57"}],"curies":[{"name":"wp","href":"https:\/\/api.w.org\/{rel}","templated":true}]}}