{"id":59,"date":"2020-11-04T15:15:10","date_gmt":"2020-11-04T14:15:10","guid":{"rendered":"http:\/\/cap-ferret-location-maison.com\/?page_id=59"},"modified":"2023-06-30T12:29:55","modified_gmt":"2023-06-30T10:29:55","slug":"sensations-fortes","status":"publish","type":"page","link":"https:\/\/cap-ferret-location-maison.com\/index.php\/sensations-fortes\/","title":{"rendered":"Sensations fortes"},"content":{"rendered":"\n<figure class=\"wp-block-image alignfull size-large\"><img loading=\"lazy\" width=\"1024\" height=\"479\" src=\"http:\/\/cap-ferret-location-maison.com\/wp-content\/uploads\/2020\/11\/Capture-decran-2020-11-04-a-16.48.54-1024x479.png\" alt=\"\" class=\"wp-image-134\" srcset=\"https:\/\/cap-ferret-location-maison.com\/wp-content\/uploads\/2020\/11\/Capture-decran-2020-11-04-a-16.48.54-1024x479.png 1024w, https:\/\/cap-ferret-location-maison.com\/wp-content\/uploads\/2020\/11\/Capture-decran-2020-11-04-a-16.48.54-300x140.png 300w, https:\/\/cap-ferret-location-maison.com\/wp-content\/uploads\/2020\/11\/Capture-decran-2020-11-04-a-16.48.54-768x360.png 768w, https:\/\/cap-ferret-location-maison.com\/wp-content\/uploads\/2020\/11\/Capture-decran-2020-11-04-a-16.48.54-1536x719.png 1536w, https:\/\/cap-ferret-location-maison.com\/wp-content\/uploads\/2020\/11\/Capture-decran-2020-11-04-a-16.48.54-2048x959.png 2048w\" sizes=\"(max-width: 1024px) 100vw, 1024px\" \/><\/figure>\n\n\n\n<p class=\"has-text-align-center\">&nbsp; Si vous \u00eates amateurs de sensations fortes et de vues panoramiques nous vous conseillons de traverser le Bassin en direction de la dune du Pyla d\u2019o\u00f9 vous pourrez faire du <strong>parapente<\/strong>. Une exp\u00e9rience inoubliable ainsi qu\u2019une vue imprenable sur la dune,&nbsp; la for\u00eat et les bancs d\u2019Arguin.&nbsp;<\/p>\n\n\n\n<p class=\"has-text-align-center\">Waggas school parapente Dune du Pyla : 06 32 04 32 07<\/p>\n\n\n\n<p class=\"has-text-align-center\">Pyla Parapente : 06 59 72 55 88<\/p>\n\n\n\n<p class=\"has-text-align-center\">Tarif : de 60 \u00e0 110 euros\u00a0<\/p>\n\n\n\n<p class=\"has-text-align-center\">&nbsp; Toujours plus haut, sauter en <strong>parachute<\/strong>&nbsp;et <strong>parachute ascensionnel <\/strong>est \u00e9galement possible \u00e0 Arcachon. A l\u2019a\u00e9rodrome d\u2019Arcachon-La-Teste, les \u00e9quipes de Vertical T\u2019Air Parachutisme Arcachon vous proposent un bapt\u00eame de l\u2019air et plus.&nbsp;<\/p>\n\n\n\n<p class=\"has-text-align-center\">Vertical T\u2019Air Parachutisme Arcachon : 05 56 66 42 30<\/p>\n\n\n\n<p class=\"has-text-align-center\">Tarif : de 280 \u00e0 500 euros<\/p>\n\n\n\n<p class=\"has-text-align-center\">&nbsp;&nbsp; Sur mer cette fois-ci, pour les l\u00e8ve-t\u00f4t&nbsp; il est possible de prendre le large et de partir \u00e0 la <strong>p\u00eache<\/strong> au thon le temps d\u2019une journ\u00e9e.&nbsp;<\/p>\n\n\n\n<p class=\"has-text-align-center\">Tarif : 260 euros la journ\u00e9e\u00a0<\/p>\n\n\n\n<p class=\"has-text-align-center\"><a href=\"https:\/\/www.sport-decouverte.com\/peche-thon-bassin-arcachon.html?gclid=Cj0KCQjw7ZL6BRCmARIsAH6XFDJGVGh_h7vno93fEsfr6quZeOZWHiT-6MV91f0EZ1ws_t5OmUKKJwYaAtW_EALw_wcB\">https:\/\/www.sport-decouverte.com\/peche-thon-bassin-arcachon.html?gclid=Cj0KCQjw7ZL6BRCmARIsAH6XFDJGVGh_h7vno93fEsfr6quZeOZWHiT-6MV91f0EZ1ws_t5OmUKKJwYaAtW_EALw_wcB<\/a><\/p>\n","protected":false},"excerpt":{"rendered":"<p>&nbsp; Si vous \u00eates amateurs de sensations fortes et de vues panoramiques nous vous conseillons [&hellip;]<\/p>\n","protected":false},"author":1,"featured_media":0,"parent":0,"menu_order":0,"comment_status":"closed","ping_status":"closed","template":"","meta":[],"_links":{"self":[{"href":"https:\/\/cap-ferret-location-maison.com\/index.php\/wp-json\/wp\/v2\/pages\/59"}],"collection":[{"href":"https:\/\/cap-ferret-location-maison.com\/index.php\/wp-json\/wp\/v2\/pages"}],"about":[{"href":"https:\/\/cap-ferret-location-maison.com\/index.php\/wp-json\/wp\/v2\/types\/page"}],"author":[{"embeddable":true,"href":"https:\/\/cap-ferret-location-maison.com\/index.php\/wp-json\/wp\/v2\/users\/1"}],"replies":[{"embeddable":true,"href":"https:\/\/cap-ferret-location-maison.com\/index.php\/wp-json\/wp\/v2\/comments?post=59"}],"version-history":[{"count":9,"href":"https:\/\/cap-ferret-location-maison.com\/index.php\/wp-json\/wp\/v2\/pages\/59\/revisions"}],"predecessor-version":[{"id":8153,"href":"https:\/\/cap-ferret-location-maison.com\/index.php\/wp-json\/wp\/v2\/pages\/59\/revisions\/8153"}],"wp:attachment":[{"href":"https:\/\/cap-ferret-location-maison.com\/index.php\/wp-json\/wp\/v2\/media?parent=59"}],"curies":[{"name":"wp","href":"https:\/\/api.w.org\/{rel}","templated":true}]}}